9
Suppose -59*t + 180775 = 3*d - 63*t, -3*d + 3*t = -180768. What is the ten thousands digit of d?
6
Let m(h) = 2*h + 31. Let r be m(-12). Suppose -q + 2 = -2*v, 4 = -3*v - 5*q + r*q. What is the units digit of (v + 52/(-16))*-20?
5
Suppose 22*l = -29*l + 29*l + 597366. What is the hundreds digit of l?
1
Let t(x) = -63*x**2 - 8*x - 3. Let k be t(-5). Let f be (-3)/(6/k) - -5. What is the tens digit of (-44)/110 + f/10?
7
Suppose 0 = -11*s - 2 - 9. Let l(c) = -7*c**2 - 6*c - 7. Let b be l(s). Let u(i) = -20*i + 6. What is the tens digit of u(b)?
6
Suppose -5*o + 6*o - 404 = 0. Let d = o + -102. Let v = d - 211. What is the tens digit of v?
9
Suppose 496886 = -89*o + 102*o. What is the tens digit of o?
2
Suppose 2*x + 5*p = 62645, 2*p + 0*p = 5*x - 156685. Suppose 0 = -29*v + x + 10251. What is the tens digit of v?
3
Let b be ((-378)/(-12))/((-2)/4). Let n = b + 253. What is the units digit of n?
0
Let z(i) = 61*i - 10. Suppose -4*g + 55 = 7*g. What is the hundreds digit of z(g)?
2
Suppose 95*d + 405759 = 126*d. What is the hundreds digit of d?
0
Let i be 0 + 117/(5 + 4). Suppose -720 = -2*r + 3*y, -i*y + 728 = 2*r - 18*y. What is the tens digit of r?
5
Let r = -12081 + 59861. What is the hundreds digit of r?
7
Suppose 0 = 6*f - 2*f - 1028. Let s(z) = -z**2 + z + 5. Let r be s(0). Suppose -325 = -5*m + r*l - 10*l, 4*m = -3*l + f. What is the tens digit of m?
6
Let n be 0/(-1)*(3 - (-3 - -5)). Suppose -3*d + d + 934 = n. What is the units digit of d?
7
Let p(c) = 2096*c - 242. Let y be p(4). Suppose 0 = -18*n + 1110 + y. What is the hundreds digit of n?
5
Let d(j) = -4*j**2 + 37*j - 9. Let o(a) = -a**2 + 6*a + 1. Let m(u) = -d(u) + 5*o(u). Suppose 4*v - x + 43 = 4*x, x - 17 = 2*v. What is the units digit of m(v)?
4
Suppose -3*z + 114 = 9. Suppose 0 = -z*a + 38*a - 3762. What is the units digit of a?
4
Let s be 620888/(-32) - 3/(-4) - -3. What is the tens digit of 3/(4/(-22) - s/103246)?
9
Suppose -28*t = -802 - 1354. Suppose -85*p = -t*p - 10208. What is the thousands digit of p?
1
Suppose -12*k - 17 = 2*t - 7*k, t + 2 = 4*k. Let g(o) = 9*o**2 - 7*o + 32. What is the units digit of g(t)?
8
What is the units digit of ((-206960)/(-32) + 15)*2?
5
Suppose 0 = 37*r - 40*r - 27. What is the units digit of ((-29394)/8)/r + 6/8?
9
Let o = 21 + -17. Suppose 0 = 2*m + 6, -o*u + 0*m = m - 33. Suppose -3*j + u*j - 792 = 0. What is the hundreds digit of j?
1
Let u be (13/26 - (-87)/(-6))*-2. Suppose 0 = -3*h + 4*m - 78, -78 = 3*h - 2*m - 0*m. Let k = u + h. What is the units digit of k?
2
Let i be 2 - (0 - (-4074)/(-6)). Let t = i + -365. What is the hundreds digit of t?
3
Suppose 273 = 10*p + 303. What is the tens digit of (p - 486)*((-10)/6 - 0)?
1
Let f be ((-54)/(-33))/(-9) + (-21234)/(-22). Suppose -2817 + f = -4*a + w, -a = -w - 463. What is the units digit of a?
3
Suppose 16*d = 10*d + 588. Let g = d - 77. Let y = g - -122. What is the tens digit of y?
4
Suppose 0 = -z + 2*w + 19813, 0 = -3*z - w + 89030 - 29640. What is the units digit of z?
9
Let h(x) = -x**3 - 5*x**2 + 7*x + 7. Let a be h(-6). Let p = 644 + -533. Let b = a + p. What is the hundreds digit of b?
1
Let g = 3050 - -3638. What is the units digit of g?
8
Let v = -91 + 93. What is the tens digit of 1/v + 7293/22?
3
What is the hundreds digit of (117460/112)/((-1)/(-8)) + -1?
3
Let i(o) = 1. Let m(a) = 6*a**2 - 6*a + 22. Let t(b) = -4*i(b) - m(b). Let s(y) be the first derivative of t(y). What is the tens digit of s(-4)?
5
Let w be 1 + -9 + 6 - -6. Suppose -3*p - 12 = 0, -3*h - w*p + 397 = -1381. What is the tens digit of h?
9
Let i = -659 - -649. Let w(u) = 10*u**2 - u - 69. What is the hundreds digit of w(i)?
9
Let j(k) = -45*k + 1. Suppose 2*m - 9 = 3*m + 2*i, -16 = -4*m + 5*i. Let p be j(m). Let u = p - -12. What is the units digit of u?
8
Let z(f) = -f**2 - 18*f - 12. Let k be z(-11). Suppose q + q + 110 = 0. Let h = q + k. What is the units digit of h?
0
Let l = -53 - -25. Let s be 6/1*l/(-84). Suppose -2*p - 77 = -s*u - u, -15 = -3*p. What is the units digit of u?
9
Suppose 112*x - 41250 = 87*x. What is the tens digit of x?
5
Let r(a) = a**2 - 6*a - 27. Let h be 32/(-6)*-3 + -2. Let u be r(h). Let i = u - 14. What is the units digit of i?
1
Let b be 120576/224 - 4/14. Suppose 35*s = 33*s + b. What is the tens digit of s?
6
Let m(s) = s**2 - 14*s + 2. Let g be m(8). Let v = g + 45. What is the tens digit of (-66*v/(-4))/(1/(-6))?
9
Let k = -303 + 593. Let g = 344 + k. What is the tens digit of g?
3
Suppose -5*k + 3*w + 451081 = 0, 0 = -k + 2*w + 28970 + 61235. What is the ten thousands digit of k?
9
Let r be (11 - (-888)/(-84)) + 45/(-7). What is the hundreds digit of r + (-188)/(-32) + (-10514)/(-16)?
6
Let o(t) = t**3 - 11*t**2 + 42*t - 10. Suppose -3*s + 45 = -11*q + 8*q, 2*s + 5*q = 9. What is the hundreds digit of o(s)?
6
Suppose 4*t + 9004 = 3*v, -37*v + 2*t + 8990 = -34*v. What is the thousands digit of v?
2
Let y(p) = -p**3 - 6*p**2 - 4*p - 15. Let c be y(-6). Suppose 2*o + 5*i + 7 = 0, 0 = 4*o + 2*i + 3*i + c. What is the units digit of 170/(1 + o + 2)?
5
Let x be (-11)/((-847)/(-399)) + 2/11. Let i(g) = 36*g**2 + 22*g + 74. What is the tens digit of i(x)?
6
Let f(l) = -l**2 - 71*l - 11. Let v be f(-53). Let a = v - 801. What is the hundreds digit of a?
1
Suppose -2*j + 10763 = -3*m, -2*j + 12*m = 13*m - 10775. What is the units digit of j?
6
Let p(u) = 56*u**2 + u - 142. Let j(a) = 19*a**2 - 48. Let w(q) = 7*j(q) - 2*p(q). What is the units digit of w(8)?
6
Let o(m) = m**3 + 4*m**2 + 138. Let c(x) = 6*x**3 + 21*x**2 + 689. Let a(r) = 2*c(r) - 11*o(r). Let t be a(0). What is the units digit of 1/(-4) - 5/(t/3927)?
0
Let v = 245 - 249. Let q(z) = 19*z**2 + 10*z + 26. What is the tens digit of q(v)?
9
Let i be 2/(0/(-2) + 1). Let w be ((-45)/(-2))/5*i. Suppose 6 - w = -s. What is the units digit of s?
3
Let x(i) = 9*i**2 - 55*i + 9. Let y be x(6). What is the units digit of -2*y*(-1351)/42?
3
Let q(r) = 853*r**3 + 9*r**2 - 65*r + 4. What is the hundreds digit of q(3)?
9
Suppose 3*m - 441 = -18*m. Suppose -5143 - 9767 = -m*d. What is the units digit of d?
0
Suppose -5*m = 5, -13*p - 2*m = -15*p - 28. What is the units digit of 387 + (-4)/2 + 14 + p?
4
Let n = 95 + -93. Suppose -4*k - n*k = -1080. Suppose -4*w = -0*w - k. What is the tens digit of w?
4
Let j(i) be the third derivative of -43*i**4/8 + 7*i**3 - 119*i**2. What is the units digit of j(-11)?
1
Suppose 5485 = 10*i + 5. Suppose 29*l = 33*l - i. What is the hundreds digit of l?
1
Suppose 5*b = 14 + 6. Suppose 167 + 602 = 5*s + 3*t, -b*t = -12. Suppose 103 + s = 5*r. What is the units digit of r?
1
Suppose 3*i + 4*h = 28, 2*i + 3*h - 12 = 7. Let m be 2 + 3 + i/(-2). What is the hundreds digit of ((-6 - 1) + m)*-12*3?
2
Let t(y) = y**3 - y + 1. Let o(x) = 3*x**3 + 6*x + 3. Let q(z) = -o(z) + 4*t(z). Suppose -100 = 6*r - 124. What is the units digit of q(r)?
5
Let f(d) = 85*d - 235. What is the thousands digit of f(22)?
1
Let o(v) be the first derivative of -173*v**2/2 - 143*v - 15. What is the tens digit of o(-5)?
2
Let u(g) = -g**2 - 4*g + 12. Let w be u(-6). Let a be -1 + 1 + 1*(w + 5). What is the units digit of (1/(-2))/(a/(-220))?
2
Let p = 699 - 884. What is the thousands digit of p/(-5 + 351/72)?
1
Let h(f) = -1029*f**3 - 6*f**2 - 9*f + 2. What is the hundreds digit of h(-2)?
2
Suppose -13474*o + 13457*o = -297432. What is the tens digit of o?
9
What is the units digit of 9928/10*(370 + -365)?
4
What is the thousands digit of ((-12)/(-9))/((-220)/(-33)) - 79399/(-5)?
5
Suppose -7*x - 68 - 65 = 0. Let g(w) = 7*w**2 + 28*w - 110. What is the tens digit of g(x)?
8
Let r(q) = 97*q**2 - 76*q + 654. What is the thousands digit of r(10)?
9
Suppose 4*j - 31638 = -4*n + 14378, 2*j = 4*n + 23008. What is the hundreds digit of j?
5
Suppose -129550 = -28*j + 206142. What is the thousands digit of j?
1
What is the thousands digit of (4 + -11 + -3)*3508/(-8)?
4
Suppose -3*c - 2*u = c - 143230, -5*c = -u - 179034. What is the hundreds digit of c?
8
What is the units digit of 4 - (-506349)/15 - 812/(-580)?
2
Suppose -6*t - 7 = 5. Let n be (-4)/8 + t/4. What is the units digit of n - -4 - (-5 + -185)?
3
Let p = -3060 - -23174. What is the units digit of p?
4
Suppose -x - 51100 = -4*y, -y = 33*x - 38*x - 12756. What is the tens 